{"id":951,"date":"2024-01-07T12:57:01","date_gmt":"2024-01-07T12:57:01","guid":{"rendered":"https:\/\/cfxy.is\/?page_id=951"},"modified":"2026-03-23T10:36:55","modified_gmt":"2026-03-23T10:36:55","slug":"stundaskra","status":"publish","type":"page","link":"https:\/\/cfxy.is\/?page_id=951","title":{"rendered":"Stundaskr\u00e1 2026"},"content":{"rendered":"\t\t<div data-elementor-type=\"wp-page\" data-elementor-id=\"951\" class=\"elementor elementor-951\">\n\t\t\t\t<div class=\"elementor-element elementor-element-c467b89 e-flex e-con-boxed e-con e-parent\" data-id=\"c467b89\" data-element_type=\"container\" data-e-type=\"container\">\n\t\t\t\t\t<div class=\"e-con-inner\">\n\t\t\t\t<div class=\"elementor-element elementor-element-c40ab40 elementor-widget elementor-widget-image\" data-id=\"c40ab40\" data-element_type=\"widget\" data-e-type=\"widget\" data-widget_type=\"image.default\">\n\t\t\t\t<div class=\"elementor-widget-container\">\n\t\t\t\t\t\t\t\t\t\t\t\t\t\t\t<img fetchpriority=\"high\" decoding=\"async\" width=\"950\" height=\"672\" src=\"https:\/\/cfxy.is\/wp-content\/uploads\/2026\/03\/stundaskra-2026_nytt-1024x724.png\" class=\"attachment-large size-large wp-image-2036\" alt=\"\" srcset=\"https:\/\/cfxy.is\/wp-content\/uploads\/2026\/03\/stundaskra-2026_nytt-1024x724.png 1024w, https:\/\/cfxy.is\/wp-content\/uploads\/2026\/03\/stundaskra-2026_nytt-300x212.png 300w, https:\/\/cfxy.is\/wp-content\/uploads\/2026\/03\/stundaskra-2026_nytt-1536x1086.png 1536w, https:\/\/cfxy.is\/wp-content\/uploads\/2026\/03\/stundaskra-2026_nytt.png 2000w\" sizes=\"100vw\" \/>\t\t\t\t\t\t\t\t\t\t\t\t\t\t\t<\/div>\n\t\t\t\t<\/div>\n\t\t\t\t\t<\/div>\n\t\t\t\t<\/div>\n\t\t<div class=\"elementor-element elementor-element-f997c69 e-flex e-con-boxed e-con e-parent\" data-id=\"f997c69\" data-element_type=\"container\" data-e-type=\"container\">\n\t\t\t\t\t<div class=\"e-con-inner\">\n\t\t\t\t<div class=\"elementor-element elementor-element-4b36021 elementor-widget elementor-widget-text-editor\" data-id=\"4b36021\" data-element_type=\"widget\" data-e-type=\"widget\" data-widget_type=\"text-editor.default\">\n\t\t\t\t<div class=\"elementor-widget-container\">\n\t\t\t\t\t\t\t\t\t<p><strong>N\u00e6sta grunnn\u00e1mskei\u00f0 byrjar 6.mars<\/strong><\/p>\t\t\t\t\t\t\t\t<\/div>\n\t\t\t\t<\/div>\n\t\t\t\t\t<\/div>\n\t\t\t\t<\/div>\n\t\t<div class=\"elementor-element elementor-element-fbf75be e-flex e-con-boxed e-con e-parent\" data-id=\"fbf75be\" data-element_type=\"container\" data-e-type=\"container\">\n\t\t\t\t\t<div class=\"e-con-inner\">\n\t\t\t\t<div class=\"elementor-element elementor-element-9b09ef1 elementor-align-center elementor-widget elementor-widget-button\" data-id=\"9b09ef1\" data-element_type=\"widget\" data-e-type=\"widget\" data-widget_type=\"button.default\">\n\t\t\t\t<div class=\"elementor-widget-container\">\n\t\t\t\t\t\t\t\t\t<div class=\"elementor-button-wrapper\">\n\t\t\t\t\t<a class=\"elementor-button elementor-button-link elementor-size-sm\" href=\"https:\/\/www.abler.io\/shop\/xy\/1?program=Q2x1YlNlcnZpY2U6NTM1MzQ=\">\n\t\t\t\t\t\t<span class=\"elementor-button-content-wrapper\">\n\t\t\t\t\t\t\t\t\t<span class=\"elementor-button-text\">Skr\u00e1ning h\u00e9rna <\/span>\n\t\t\t\t\t<\/span>\n\t\t\t\t\t<\/a>\n\t\t\t\t<\/div>\n\t\t\t\t\t\t\t\t<\/div>\n\t\t\t\t<\/div>\n\t\t\t\t\t<\/div>\n\t\t\t\t<\/div>\n\t\t\t\t<\/div>\n\t\t","protected":false},"excerpt":{"rendered":"<p>N\u00e6sta grunnn\u00e1mskei\u00f0 byrjar 6.mars Skr\u00e1ning h\u00e9rna<\/p>\n","protected":false},"author":1,"featured_media":0,"parent":0,"menu_order":0,"comment_status":"closed","ping_status":"closed","template":"","meta":{"om_disable_all_campaigns":false,"_monsterinsights_skip_tracking":false,"_monsterinsights_sitenote_active":false,"_monsterinsights_sitenote_note":"","_monsterinsights_sitenote_category":0,"footnotes":""},"class_list":["post-951","page","type-page","status-publish","hentry"],"aioseo_notices":[],"_links":{"self":[{"href":"https:\/\/cfxy.is\/index.php?rest_route=\/wp\/v2\/pages\/951","targetHints":{"allow":["GET"]}}],"collection":[{"href":"https:\/\/cfxy.is\/index.php?rest_route=\/wp\/v2\/pages"}],"about":[{"href":"https:\/\/cfxy.is\/index.php?rest_route=\/wp\/v2\/types\/page"}],"author":[{"embeddable":true,"href":"https:\/\/cfxy.is\/index.php?rest_route=\/wp\/v2\/users\/1"}],"replies":[{"embeddable":true,"href":"https:\/\/cfxy.is\/index.php?rest_route=%2Fwp%2Fv2%2Fcomments&post=951"}],"version-history":[{"count":54,"href":"https:\/\/cfxy.is\/index.php?rest_route=\/wp\/v2\/pages\/951\/revisions"}],"predecessor-version":[{"id":2040,"href":"https:\/\/cfxy.is\/index.php?rest_route=\/wp\/v2\/pages\/951\/revisions\/2040"}],"wp:attachment":[{"href":"https:\/\/cfxy.is\/index.php?rest_route=%2Fwp%2Fv2%2Fmedia&parent=951"}],"curies":[{"name":"wp","href":"https:\/\/api.w.org\/{rel}","templated":true}]}}